{"id":2201,"date":"2025-01-12T09:50:25","date_gmt":"2025-01-12T09:50:25","guid":{"rendered":"https:\/\/prosesakademi.net\/?page_id=2201"},"modified":"2025-01-13T18:29:34","modified_gmt":"2025-01-13T18:29:34","slug":"lehimli-isi-degistiriciler","status":"publish","type":"page","link":"https:\/\/prosesakademi.net\/?page_id=2201","title":{"rendered":"Lehimli Is\u0131 De\u011fi\u015ftiriciler"},"content":{"rendered":"\t\t<div data-elementor-type=\"wp-page\" data-elementor-id=\"2201\" class=\"elementor elementor-2201\">\n\t\t\t\t\t\t<section class=\"elementor-section elementor-top-section elementor-element elementor-element-1d3a2faa elementor-section-content-middle elementor-section-boxed elementor-section-height-default elementor-section-height-default wpr-particle-no wpr-jarallax-no wpr-parallax-no wpr-sticky-section-no wpr-column-slider-no wpr-equal-height-no\" data-id=\"1d3a2faa\" data-element_type=\"section\" data-e-type=\"section\" data-settings=\"{&quot;background_background&quot;:&quot;classic&quot;}\">\n\t\t\t\t\t\t\t<div class=\"elementor-background-overlay\"><\/div>\n\t\t\t\t\t\t\t<div class=\"elementor-container elementor-column-gap-default\">\n\t\t\t\t\t<div class=\"elementor-column elementor-col-100 elementor-top-column elementor-element elementor-element-1360621d\" data-id=\"1360621d\" data-element_type=\"column\" data-e-type=\"column\">\n\t\t\t<div class=\"elementor-widget-wrap\">\n\t\t\t\t\t\t\t<\/div>\n\t\t<\/div>\n\t\t\t\t\t<\/div>\n\t\t<\/section>\n\t\t<div class=\"elementor-element elementor-element-15c0c6d e-flex e-con-boxed wpr-particle-no wpr-jarallax-no wpr-parallax-no wpr-sticky-section-no wpr-column-slider-no wpr-equal-height-no e-con e-parent\" data-id=\"15c0c6d\" data-element_type=\"container\" data-e-type=\"container\">\n\t\t\t\t\t<div class=\"e-con-inner\">\n\t\t\t\t<div class=\"elementor-element elementor-element-cd16def elementor-widget elementor-widget-heading\" data-id=\"cd16def\" data-element_type=\"widget\" data-e-type=\"widget\" data-widget_type=\"heading.default\">\n\t\t\t\t<div class=\"elementor-widget-container\">\n\t\t\t\t\t<h2 class=\"elementor-heading-title elementor-size-default\">Lehimli Is\u0131 De\u011fi\u015ftiriciler<\/h2>\t\t\t\t<\/div>\n\t\t\t\t<\/div>\n\t\t\t\t\t<\/div>\n\t\t\t\t<\/div>\n\t\t<div class=\"elementor-element elementor-element-168c492 e-flex e-con-boxed wpr-particle-no wpr-jarallax-no wpr-parallax-no wpr-sticky-section-no wpr-column-slider-no wpr-equal-height-no e-con e-parent\" data-id=\"168c492\" data-element_type=\"container\" data-e-type=\"container\">\n\t\t\t\t\t<div class=\"e-con-inner\">\n\t\t<div class=\"elementor-element elementor-element-0b9d937 e-con-full e-flex wpr-particle-no wpr-jarallax-no wpr-parallax-no wpr-sticky-section-no wpr-column-slider-no wpr-equal-height-no e-con e-child\" data-id=\"0b9d937\" data-element_type=\"container\" data-e-type=\"container\">\n\t\t<div class=\"elementor-element elementor-element-56ac243 e-con-full e-flex wpr-particle-no wpr-jarallax-no wpr-parallax-no wpr-sticky-section-no wpr-column-slider-no wpr-equal-height-no e-con e-child\" data-id=\"56ac243\" data-element_type=\"container\" data-e-type=\"container\">\n\t\t\t\t<div class=\"elementor-element elementor-element-d01999c elementor-widget elementor-widget-text-editor\" data-id=\"d01999c\" data-element_type=\"widget\" data-e-type=\"widget\" data-widget_type=\"text-editor.default\">\n\t\t\t\t<div class=\"elementor-widget-container\">\n\t\t\t\t\t\t\t\t\t<p>Is\u0131tma ve so\u011futma \u00fcnitelerinde kullan\u0131lan lehimli e\u015fanj\u00f6rler, genellikle s\u0131zd\u0131rmazl\u0131\u011f\u0131n \u00f6nemli oldu\u011fu alanlarda kullan\u0131l\u0131r. End\u00fcstrinin bir\u00e7ok kolunda g\u00fcvenle kullan\u0131lan e\u015fanj\u00f6r se\u00e7enekleri, \u00e7ok y\u00fcksek s\u0131cakl\u0131klar\u0131n olu\u015ftu\u011fu alanlarda da i\u015flevselliklerinden \u00f6d\u00fcn vermeden \u00e7al\u0131\u015f\u0131rlar. Is\u0131tma ve so\u011futma \u00fcnitelerinde farkl\u0131 prensiplerde \u00e7al\u0131\u015fan e\u015fanj\u00f6rler so\u011futma b\u00fcnyelerinde konderser ve evaporat\u00f6r olarak, \u0131s\u0131tma \u00fcnitelerinde ise ani \u0131s\u0131t\u0131c\u0131 olarak g\u00f6rev al\u0131rlar. Kullan\u0131ld\u0131klar\u0131 alanlarda cihazlar\u0131n sorunsuz ve uzun s\u00fcreli olarak \u00e7al\u0131\u015fmas\u0131na imkan tan\u0131yan sistemler, son derece uygun maliyetli ve ergonomiktir. Klasik e\u015fanj\u00f6rlerden farkl\u0131 olarak belirli bir ama\u00e7 i\u00e7in kullan\u0131lan se\u00e7enekler kompakt bir tasar\u0131ma sahiptir. Az yer kaplayan \u00f6zellikleri sayesinde end\u00fcstrinin bir\u00e7ok kolunda kullan\u0131labilirler.<\/p>\t\t\t\t\t\t\t\t<\/div>\n\t\t\t\t<\/div>\n\t\t\t\t<\/div>\n\t\t\t\t<\/div>\n\t\t<div class=\"elementor-element elementor-element-2d053fe e-con-full e-flex wpr-particle-no wpr-jarallax-no wpr-parallax-no wpr-sticky-section-no wpr-column-slider-no wpr-equal-height-no e-con e-child\" data-id=\"2d053fe\" data-element_type=\"container\" data-e-type=\"container\">\n\t\t\t\t<div class=\"elementor-element elementor-element-d6e3945 elementor-widget elementor-widget-image\" data-id=\"d6e3945\" data-element_type=\"widget\" data-e-type=\"widget\" data-widget_type=\"image.default\">\n\t\t\t\t<div class=\"elementor-widget-container\">\n\t\t\t\t\t\t\t\t\t\t\t\t\t\t\t<img fetchpriority=\"high\" decoding=\"async\" width=\"750\" height=\"650\" src=\"https:\/\/prosesakademi.net\/wp-content\/uploads\/2025\/01\/image007.jpg\" class=\"attachment-large size-large wp-image-2152\" alt=\"\" srcset=\"https:\/\/prosesakademi.net\/wp-content\/uploads\/2025\/01\/image007.jpg 750w, https:\/\/prosesakademi.net\/wp-content\/uploads\/2025\/01\/image007-300x260.jpg 300w, https:\/\/prosesakademi.net\/wp-content\/uploads\/2025\/01\/image007-200x173.jpg 200w\" sizes=\"(max-width: 750px) 100vw, 750px\" \/>\t\t\t\t\t\t\t\t\t\t\t\t\t\t\t<\/div>\n\t\t\t\t<\/div>\n\t\t\t\t<\/div>\n\t\t\t\t\t<\/div>\n\t\t\t\t<\/div>\n\t\t\t\t<\/div>\n\t\t","protected":false},"excerpt":{"rendered":"<p>Lehimli Is\u0131 De\u011fi\u015ftiriciler Is\u0131tma ve so\u011futma \u00fcnitelerinde kullan\u0131lan lehimli e\u015fanj\u00f6rler, genellikle s\u0131zd\u0131rmazl\u0131\u011f\u0131n \u00f6nemli oldu\u011fu alanlarda kullan\u0131l\u0131r. End\u00fcstrinin bir\u00e7ok kolunda g\u00fcvenle kullan\u0131lan e\u015fanj\u00f6r se\u00e7enekleri, \u00e7ok y\u00fcksek s\u0131cakl\u0131klar\u0131n olu\u015ftu\u011fu alanlarda da i\u015flevselliklerinden \u00f6d\u00fcn vermeden \u00e7al\u0131\u015f\u0131rlar. Is\u0131tma ve so\u011futma \u00fcnitelerinde farkl\u0131 prensiplerde \u00e7al\u0131\u015fan e\u015fanj\u00f6rler so\u011futma b\u00fcnyelerinde konderser ve evaporat\u00f6r olarak, \u0131s\u0131tma \u00fcnitelerinde ise ani \u0131s\u0131t\u0131c\u0131 olarak g\u00f6rev al\u0131rlar. Kullan\u0131ld\u0131klar\u0131 alanlarda cihazlar\u0131n sorunsuz ve uzun s\u00fcreli olarak \u00e7al\u0131\u015fmas\u0131na imkan tan\u0131yan sistemler, son derece uygun maliyetli ve ergonomiktir. Klasik e\u015fanj\u00f6rlerden farkl\u0131 olarak belirli bir ama\u00e7 i\u00e7in kullan\u0131lan se\u00e7enekler kompakt bir tasar\u0131ma sahiptir. Az yer kaplayan \u00f6zellikleri sayesinde end\u00fcstrinin bir\u00e7ok kolunda kullan\u0131labilirler.<\/p>\n","protected":false},"author":1,"featured_media":2466,"parent":0,"menu_order":0,"comment_status":"closed","ping_status":"closed","template":"elementor_canvas","meta":{"footnotes":""},"class_list":["post-2201","page","type-page","status-publish","has-post-thumbnail","hentry"],"_links":{"self":[{"href":"https:\/\/prosesakademi.net\/index.php?rest_route=\/wp\/v2\/pages\/2201","targetHints":{"allow":["GET"]}}],"collection":[{"href":"https:\/\/prosesakademi.net\/index.php?rest_route=\/wp\/v2\/pages"}],"about":[{"href":"https:\/\/prosesakademi.net\/index.php?rest_route=\/wp\/v2\/types\/page"}],"author":[{"embeddable":true,"href":"https:\/\/prosesakademi.net\/index.php?rest_route=\/wp\/v2\/users\/1"}],"replies":[{"embeddable":true,"href":"https:\/\/prosesakademi.net\/index.php?rest_route=%2Fwp%2Fv2%2Fcomments&post=2201"}],"version-history":[{"count":0,"href":"https:\/\/prosesakademi.net\/index.php?rest_route=\/wp\/v2\/pages\/2201\/revisions"}],"wp:featuredmedia":[{"embeddable":true,"href":"https:\/\/prosesakademi.net\/index.php?rest_route=\/wp\/v2\/media\/2466"}],"wp:attachment":[{"href":"https:\/\/prosesakademi.net\/index.php?rest_route=%2Fwp%2Fv2%2Fmedia&parent=2201"}],"curies":[{"name":"wp","href":"https:\/\/api.w.org\/{rel}","templated":true}]}}