{"id":2265,"date":"2025-01-02T10:33:03","date_gmt":"2025-01-02T10:33:03","guid":{"rendered":"https:\/\/prosesakademi.net\/?page_id=2265"},"modified":"2025-01-14T08:06:00","modified_gmt":"2025-01-14T08:06:00","slug":"santrifuj-pompalar","status":"publish","type":"page","link":"https:\/\/prosesakademi.net\/?page_id=2265","title":{"rendered":"Santrif\u00fcj Pompalar"},"content":{"rendered":"\t\t<div data-elementor-type=\"wp-page\" data-elementor-id=\"2265\" class=\"elementor elementor-2265\">\n\t\t\t\t\t\t<section class=\"elementor-section elementor-top-section elementor-element elementor-element-1d3a2faa elementor-section-content-middle elementor-section-boxed elementor-section-height-default elementor-section-height-default wpr-particle-no wpr-jarallax-no wpr-parallax-no wpr-sticky-section-no wpr-equal-height-no\" data-id=\"1d3a2faa\" data-element_type=\"section\" data-e-type=\"section\" data-settings=\"{&quot;background_background&quot;:&quot;classic&quot;}\">\n\t\t\t\t\t\t\t<div class=\"elementor-background-overlay\"><\/div>\n\t\t\t\t\t\t\t<div class=\"elementor-container elementor-column-gap-default\">\n\t\t\t\t\t<div class=\"elementor-column elementor-col-100 elementor-top-column elementor-element elementor-element-1360621d\" data-id=\"1360621d\" data-element_type=\"column\" data-e-type=\"column\">\n\t\t\t<div class=\"elementor-widget-wrap\">\n\t\t\t\t\t\t\t<\/div>\n\t\t<\/div>\n\t\t\t\t\t<\/div>\n\t\t<\/section>\n\t\t<div class=\"elementor-element elementor-element-6dacd18 e-flex e-con-boxed wpr-particle-no wpr-jarallax-no wpr-parallax-no wpr-sticky-section-no wpr-equal-height-no e-con e-parent\" data-id=\"6dacd18\" data-element_type=\"container\" data-e-type=\"container\">\n\t\t\t\t\t<div class=\"e-con-inner\">\n\t\t\t\t<div class=\"elementor-element elementor-element-5cd8254 elementor-widget elementor-widget-heading\" data-id=\"5cd8254\" data-element_type=\"widget\" data-e-type=\"widget\" data-widget_type=\"heading.default\">\n\t\t\t\t<div class=\"elementor-widget-container\">\n\t\t\t\t\t<h2 class=\"elementor-heading-title elementor-size-default\">Santrif\u00fcj Pompalar<\/h2>\t\t\t\t<\/div>\n\t\t\t\t<\/div>\n\t\t\t\t\t<\/div>\n\t\t\t\t<\/div>\n\t\t<div class=\"elementor-element elementor-element-168c492 e-flex e-con-boxed wpr-particle-no wpr-jarallax-no wpr-parallax-no wpr-sticky-section-no wpr-equal-height-no e-con e-parent\" data-id=\"168c492\" data-element_type=\"container\" data-e-type=\"container\">\n\t\t\t\t\t<div class=\"e-con-inner\">\n\t\t<div class=\"elementor-element elementor-element-0b9d937 e-con-full e-flex wpr-particle-no wpr-jarallax-no wpr-parallax-no wpr-sticky-section-no wpr-equal-height-no e-con e-child\" data-id=\"0b9d937\" data-element_type=\"container\" data-e-type=\"container\">\n\t\t<div class=\"elementor-element elementor-element-56ac243 e-con-full e-flex wpr-particle-no wpr-jarallax-no wpr-parallax-no wpr-sticky-section-no wpr-equal-height-no e-con e-child\" data-id=\"56ac243\" data-element_type=\"container\" data-e-type=\"container\">\n\t\t\t\t<div class=\"elementor-element elementor-element-d01999c elementor-widget elementor-widget-text-editor\" data-id=\"d01999c\" data-element_type=\"widget\" data-e-type=\"widget\" data-widget_type=\"text-editor.default\">\n\t\t\t\t<div class=\"elementor-widget-container\">\n\t\t\t\t\t\t\t\t\t<p>Temiz su grubu y\u00fczey santrifuj, temiz suyun belirli bir bas\u0131nc\u0131yla bir yerden birle\u015ftirilmesine olanak sa\u011flayan, genellikle yer \u00fcst\u00fcnde \u00e7al\u0131\u015fan pompalard\u0131r. Bu t\u00fcr pompalar, su temini, bas\u0131nc\u0131n artt\u0131r\u0131lmas\u0131 ve sulama sistemleri yayg\u0131n olarak kullan\u0131lmaktad\u0131r.<\/p><h2>Ba\u015fl\u0131ca \u00f6zellikleri<\/h2><p>\u2022 Santrif\u00fcj \u00c7al\u0131\u015fma Prensipleri : Pompa, \u00e7ark\u0131n d\u00f6nme hareketiyle birlikte merkezi do\u011fru emip kurulumu do\u011fru basar. Bu sayede s\u00fcrekli ve sabit bir ak\u0131\u015f sa\u011flar.<br \/>\u2022 Tek Kademeli Tasar\u0131m : D\u00fc\u015f\u00fck ila orta seviyelerde bas\u0131n\u00e7 ve debi de\u011ferleri uygulamalar\u0131nda kullan\u0131l\u0131r.<br \/>\u2022 \u00c7ok Kademeli Tasar\u0131m : Daha y\u00fcksek bas\u0131n\u00e7taki sistemler i\u00e7in uygundur.<br \/>\u2022 Y\u00fczeyde \u00c7al\u0131\u015fma : Su kayna\u011f\u0131n\u0131n \u00fcst\u00fcnde veya yan\u0131nda bulunur ve genellikle suyu hortum veya boru i\u00e7inden emer.<br \/>\u2022 Sessiz \u00c7al\u0131\u015fma : Kullan\u0131ld\u0131\u011f\u0131 yerlerde g\u00fcr\u00fclt\u00fcy\u00fc en aza indiren mevcut.<\/p><h2>Kullan\u0131m alanlar\u0131<\/h2><p>\u2022 Evsel Su Temini : Evlerdeki musluklara ve banyo sistemlerine uyum sa\u011flamak i\u00e7in.<br \/>\u2022 Tar\u0131m ve Bah\u00e7e Sulama : Tarlalar ve bah\u00e7elerde sulama sistemleri i\u00e7in.<br \/>\u2022 Sanayi Uygulamalar\u0131 : Temiz su ile \u00e7al\u0131\u015fan sistemlerde bas\u0131nc\u0131n artt\u0131r\u0131lmas\u0131.<br \/>\u2022 Hidrofor Sistemleri : Bas\u0131n\u00e7 ba\u011flant\u0131s\u0131 ve su temini i\u00e7in hidroforlarda kullan\u0131l\u0131r.<\/p>\t\t\t\t\t\t\t\t<\/div>\n\t\t\t\t<\/div>\n\t\t\t\t<\/div>\n\t\t\t\t<\/div>\n\t\t<div class=\"elementor-element elementor-element-2d053fe e-con-full e-flex wpr-particle-no wpr-jarallax-no wpr-parallax-no wpr-sticky-section-no wpr-equal-height-no e-con e-child\" data-id=\"2d053fe\" data-element_type=\"container\" data-e-type=\"container\">\n\t\t\t\t<div class=\"elementor-element elementor-element-ba4ac23 elementor-widget elementor-widget-image\" data-id=\"ba4ac23\" data-element_type=\"widget\" data-e-type=\"widget\" data-widget_type=\"image.default\">\n\t\t\t\t<div class=\"elementor-widget-container\">\n\t\t\t\t\t\t\t\t\t\t\t\t\t\t\t<img fetchpriority=\"high\" decoding=\"async\" width=\"500\" height=\"500\" src=\"https:\/\/prosesakademi.net\/wp-content\/uploads\/2025\/01\/image016.jpg\" class=\"attachment-large size-large wp-image-2143\" alt=\"\" srcset=\"https:\/\/prosesakademi.net\/wp-content\/uploads\/2025\/01\/image016.jpg 500w, https:\/\/prosesakademi.net\/wp-content\/uploads\/2025\/01\/image016-300x300.jpg 300w, https:\/\/prosesakademi.net\/wp-content\/uploads\/2025\/01\/image016-150x150.jpg 150w, https:\/\/prosesakademi.net\/wp-content\/uploads\/2025\/01\/image016-200x200.jpg 200w\" sizes=\"(max-width: 500px) 100vw, 500px\" \/>\t\t\t\t\t\t\t\t\t\t\t\t\t\t\t<\/div>\n\t\t\t\t<\/div>\n\t\t\t\t<\/div>\n\t\t\t\t\t<\/div>\n\t\t\t\t<\/div>\n\t\t\t\t<\/div>\n\t\t","protected":false},"excerpt":{"rendered":"<p>Santrif\u00fcj Pompalar Temiz su grubu y\u00fczey santrifuj, temiz suyun belirli bir bas\u0131nc\u0131yla bir yerden birle\u015ftirilmesine olanak sa\u011flayan, genellikle yer \u00fcst\u00fcnde \u00e7al\u0131\u015fan pompalard\u0131r. Bu t\u00fcr pompalar, su temini, bas\u0131nc\u0131n artt\u0131r\u0131lmas\u0131 ve sulama sistemleri yayg\u0131n olarak kullan\u0131lmaktad\u0131r. Ba\u015fl\u0131ca \u00f6zellikleri \u2022 Santrif\u00fcj \u00c7al\u0131\u015fma Prensipleri : Pompa, \u00e7ark\u0131n d\u00f6nme hareketiyle birlikte merkezi do\u011fru emip kurulumu do\u011fru basar. Bu sayede s\u00fcrekli ve sabit bir ak\u0131\u015f sa\u011flar.\u2022 Tek Kademeli Tasar\u0131m : D\u00fc\u015f\u00fck ila orta seviyelerde bas\u0131n\u00e7 ve debi de\u011ferleri uygulamalar\u0131nda kullan\u0131l\u0131r.\u2022 \u00c7ok Kademeli Tasar\u0131m : Daha y\u00fcksek bas\u0131n\u00e7taki sistemler i\u00e7in uygundur.\u2022 Y\u00fczeyde \u00c7al\u0131\u015fma : Su kayna\u011f\u0131n\u0131n \u00fcst\u00fcnde veya yan\u0131nda bulunur ve genellikle suyu hortum veya boru i\u00e7inden emer.\u2022 Sessiz \u00c7al\u0131\u015fma : Kullan\u0131ld\u0131\u011f\u0131 yerlerde g\u00fcr\u00fclt\u00fcy\u00fc en aza indiren mevcut. Kullan\u0131m alanlar\u0131 \u2022 Evsel Su Temini : Evlerdeki musluklara ve banyo sistemlerine uyum sa\u011flamak i\u00e7in.\u2022 Tar\u0131m ve Bah\u00e7e Sulama : Tarlalar ve bah\u00e7elerde sulama sistemleri i\u00e7in.\u2022 Sanayi Uygulamalar\u0131 : Temiz su ile \u00e7al\u0131\u015fan sistemlerde bas\u0131nc\u0131n artt\u0131r\u0131lmas\u0131.\u2022 Hidrofor Sistemleri : Bas\u0131n\u00e7 ba\u011flant\u0131s\u0131 ve su temini i\u00e7in hidroforlarda kullan\u0131l\u0131r.<\/p>\n","protected":false},"author":1,"featured_media":2361,"parent":0,"menu_order":0,"comment_status":"closed","ping_status":"closed","template":"elementor_canvas","meta":{"footnotes":""},"class_list":["post-2265","page","type-page","status-publish","has-post-thumbnail","hentry"],"_links":{"self":[{"href":"https:\/\/prosesakademi.net\/index.php?rest_route=\/wp\/v2\/pages\/2265","targetHints":{"allow":["GET"]}}],"collection":[{"href":"https:\/\/prosesakademi.net\/index.php?rest_route=\/wp\/v2\/pages"}],"about":[{"href":"https:\/\/prosesakademi.net\/index.php?rest_route=\/wp\/v2\/types\/page"}],"author":[{"embeddable":true,"href":"https:\/\/prosesakademi.net\/index.php?rest_route=\/wp\/v2\/users\/1"}],"replies":[{"embeddable":true,"href":"https:\/\/prosesakademi.net\/index.php?rest_route=%2Fwp%2Fv2%2Fcomments&post=2265"}],"version-history":[{"count":0,"href":"https:\/\/prosesakademi.net\/index.php?rest_route=\/wp\/v2\/pages\/2265\/revisions"}],"wp:featuredmedia":[{"embeddable":true,"href":"https:\/\/prosesakademi.net\/index.php?rest_route=\/wp\/v2\/media\/2361"}],"wp:attachment":[{"href":"https:\/\/prosesakademi.net\/index.php?rest_route=%2Fwp%2Fv2%2Fmedia&parent=2265"}],"curies":[{"name":"wp","href":"https:\/\/api.w.org\/{rel}","templated":true}]}}