{"id":2298,"date":"2025-01-01T10:56:11","date_gmt":"2025-01-01T10:56:11","guid":{"rendered":"https:\/\/prosesakademi.net\/?page_id=2298"},"modified":"2025-01-13T16:42:38","modified_gmt":"2025-01-13T16:42:38","slug":"esanjor-servisi","status":"publish","type":"page","link":"https:\/\/prosesakademi.net\/?page_id=2298","title":{"rendered":"E\u015fanj\u00f6r Servisi"},"content":{"rendered":"\t\t<div data-elementor-type=\"wp-page\" data-elementor-id=\"2298\" class=\"elementor elementor-2298\">\n\t\t\t\t\t\t<section class=\"elementor-section elementor-top-section elementor-element elementor-element-1d3a2faa elementor-section-content-middle elementor-section-boxed elementor-section-height-default elementor-section-height-default wpr-particle-no wpr-jarallax-no wpr-parallax-no wpr-sticky-section-no wpr-column-slider-no wpr-equal-height-no\" data-id=\"1d3a2faa\" data-element_type=\"section\" data-e-type=\"section\" data-settings=\"{&quot;background_background&quot;:&quot;classic&quot;}\">\n\t\t\t\t\t\t\t<div class=\"elementor-background-overlay\"><\/div>\n\t\t\t\t\t\t\t<div class=\"elementor-container elementor-column-gap-default\">\n\t\t\t\t\t<div class=\"elementor-column elementor-col-100 elementor-top-column elementor-element elementor-element-1360621d\" data-id=\"1360621d\" data-element_type=\"column\" data-e-type=\"column\">\n\t\t\t<div class=\"elementor-widget-wrap\">\n\t\t\t\t\t\t\t<\/div>\n\t\t<\/div>\n\t\t\t\t\t<\/div>\n\t\t<\/section>\n\t\t<div class=\"elementor-element elementor-element-67f6773 e-flex e-con-boxed wpr-particle-no wpr-jarallax-no wpr-parallax-no wpr-sticky-section-no wpr-column-slider-no wpr-equal-height-no e-con e-parent\" data-id=\"67f6773\" data-element_type=\"container\" data-e-type=\"container\">\n\t\t\t\t\t<div class=\"e-con-inner\">\n\t\t\t\t<div class=\"elementor-element elementor-element-eb58746 elementor-widget elementor-widget-heading\" data-id=\"eb58746\" data-element_type=\"widget\" data-e-type=\"widget\" data-widget_type=\"heading.default\">\n\t\t\t\t<div class=\"elementor-widget-container\">\n\t\t\t\t\t<h2 class=\"elementor-heading-title elementor-size-default\">E\u015fanj\u00f6r Servisi<\/h2>\t\t\t\t<\/div>\n\t\t\t\t<\/div>\n\t\t\t\t\t<\/div>\n\t\t\t\t<\/div>\n\t\t<div class=\"elementor-element elementor-element-168c492 e-flex e-con-boxed wpr-particle-no wpr-jarallax-no wpr-parallax-no wpr-sticky-section-no wpr-column-slider-no wpr-equal-height-no e-con e-parent\" data-id=\"168c492\" data-element_type=\"container\" data-e-type=\"container\">\n\t\t\t\t\t<div class=\"e-con-inner\">\n\t\t<div class=\"elementor-element elementor-element-0b9d937 e-con-full e-flex wpr-particle-no wpr-jarallax-no wpr-parallax-no wpr-sticky-section-no wpr-column-slider-no wpr-equal-height-no e-con e-child\" data-id=\"0b9d937\" data-element_type=\"container\" data-e-type=\"container\">\n\t\t<div class=\"elementor-element elementor-element-56ac243 e-con-full e-flex wpr-particle-no wpr-jarallax-no wpr-parallax-no wpr-sticky-section-no wpr-column-slider-no wpr-equal-height-no e-con e-child\" data-id=\"56ac243\" data-element_type=\"container\" data-e-type=\"container\">\n\t\t\t\t<div class=\"elementor-element elementor-element-d01999c elementor-widget elementor-widget-text-editor\" data-id=\"d01999c\" data-element_type=\"widget\" data-e-type=\"widget\" data-widget_type=\"text-editor.default\">\n\t\t\t\t<div class=\"elementor-widget-container\">\n\t\t\t\t\t\t\t\t\t<p><a href=\"https:\/\/www.linkedin.com\/feed\/hashtag\/?keywords=e%C5%9Fanj%C3%B6rlerde&amp;highlightedUpdateUrns=urn%3Ali%3Aactivity%3A6980081948979290112&amp;lipi=urn%3Ali%3Apage%3Ad_flagship3_detail_base%3Bs%2FP%2FarVdSXWCQFy03e6fXA%3D%3D\">E\u015fanj\u00f6rlerde<\/a>\u00a0ya\u015fan\u0131labilecek problemler aras\u0131nda:<br \/>-Kire\u00e7lenmeden kaynaklanan performans d\u00fc\u015f\u00fc\u015f\u00fc,<br \/>-Tesisattan gelebilecek tortu ve pislik kaynakl\u0131 t\u0131kanma,<br \/>-T\u0131kanmaya ba\u011fl\u0131 a\u015f\u0131r\u0131 bas\u0131n\u00e7 kay\u0131plar\u0131,<br \/>-T\u0131kanmaya ba\u011fl\u0131 \u0131s\u0131 transferi azalmas\u0131,<br \/>-Zaman i\u00e7inde contalar\u0131n y\u0131pranmas\u0131,<br \/>-Contalar\u0131n s\u0131zd\u0131rmazl\u0131k \u00f6zelliklerini yitirmesi,<br \/>-Plakalar\u0131n korozyona maruz kal\u0131p deforme olmas\u0131,<br \/>-G\u00f6vdenin i\u00e7 ve d\u0131\u015f etkenlerle deforme olmas\u0131 gibi kalemler say\u0131labilir.<br \/><br \/>Servis Deste\u011fi olarak;<br \/>Plaka temini.<br \/>Conta temini.<br \/>E\u015fanj\u00f6r g\u00f6vdelerinin revizyonu ve temizlenmesi.<br \/>E\u015fanj\u00f6r plakalar\u0131n\u0131n h\u0131zl\u0131 ve detayl\u0131 temizli\u011fi.<br \/>E\u015fanj\u00f6r plakalar\u0131n\u0131n \u00f6zel kimyasallarla kire\u00e7ten ar\u0131nd\u0131r\u0131lmas\u0131.<br \/>E\u015fanj\u00f6rlerdeki her tip somun ve saplamalar\u0131n\u0131n temini ve imalat\u0131.<br \/>E\u015fanj\u00f6r\u00fcn\u00fcz\u00fcn ilk g\u00fcnk\u00fc gibi \u00e7al\u0131\u015f\u0131r halde teslimi.<\/p>\t\t\t\t\t\t\t\t<\/div>\n\t\t\t\t<\/div>\n\t\t\t\t<\/div>\n\t\t\t\t<\/div>\n\t\t<div class=\"elementor-element elementor-element-2d053fe e-con-full e-flex wpr-particle-no wpr-jarallax-no wpr-parallax-no wpr-sticky-section-no wpr-column-slider-no wpr-equal-height-no e-con e-child\" data-id=\"2d053fe\" data-element_type=\"container\" data-e-type=\"container\">\n\t\t\t\t<div class=\"elementor-element elementor-element-ba4ac23 elementor-widget elementor-widget-image\" data-id=\"ba4ac23\" data-element_type=\"widget\" data-e-type=\"widget\" data-widget_type=\"image.default\">\n\t\t\t\t<div class=\"elementor-widget-container\">\n\t\t\t\t\t\t\t\t\t\t\t\t\t\t\t<img fetchpriority=\"high\" decoding=\"async\" width=\"400\" height=\"400\" src=\"https:\/\/prosesakademi.net\/wp-content\/uploads\/2025\/01\/URUN-400-400-5.png\" class=\"attachment-large size-large wp-image-2365\" alt=\"\" srcset=\"https:\/\/prosesakademi.net\/wp-content\/uploads\/2025\/01\/URUN-400-400-5.png 400w, https:\/\/prosesakademi.net\/wp-content\/uploads\/2025\/01\/URUN-400-400-5-300x300.png 300w, https:\/\/prosesakademi.net\/wp-content\/uploads\/2025\/01\/URUN-400-400-5-150x150.png 150w, https:\/\/prosesakademi.net\/wp-content\/uploads\/2025\/01\/URUN-400-400-5-200x200.png 200w\" sizes=\"(max-width: 400px) 100vw, 400px\" \/>\t\t\t\t\t\t\t\t\t\t\t\t\t\t\t<\/div>\n\t\t\t\t<\/div>\n\t\t\t\t<\/div>\n\t\t\t\t\t<\/div>\n\t\t\t\t<\/div>\n\t\t\t\t<\/div>\n\t\t","protected":false},"excerpt":{"rendered":"<p>E\u015fanj\u00f6r Servisi E\u015fanj\u00f6rlerde\u00a0ya\u015fan\u0131labilecek problemler aras\u0131nda:-Kire\u00e7lenmeden kaynaklanan performans d\u00fc\u015f\u00fc\u015f\u00fc,-Tesisattan gelebilecek tortu ve pislik kaynakl\u0131 t\u0131kanma,-T\u0131kanmaya ba\u011fl\u0131 a\u015f\u0131r\u0131 bas\u0131n\u00e7 kay\u0131plar\u0131,-T\u0131kanmaya ba\u011fl\u0131 \u0131s\u0131 transferi azalmas\u0131,-Zaman i\u00e7inde contalar\u0131n y\u0131pranmas\u0131,-Contalar\u0131n s\u0131zd\u0131rmazl\u0131k \u00f6zelliklerini yitirmesi,-Plakalar\u0131n korozyona maruz kal\u0131p deforme olmas\u0131,-G\u00f6vdenin i\u00e7 ve d\u0131\u015f etkenlerle deforme olmas\u0131 gibi kalemler say\u0131labilir. Servis Deste\u011fi olarak;Plaka temini.Conta temini.E\u015fanj\u00f6r g\u00f6vdelerinin revizyonu ve temizlenmesi.E\u015fanj\u00f6r plakalar\u0131n\u0131n h\u0131zl\u0131 ve detayl\u0131 temizli\u011fi.E\u015fanj\u00f6r plakalar\u0131n\u0131n \u00f6zel kimyasallarla kire\u00e7ten ar\u0131nd\u0131r\u0131lmas\u0131.E\u015fanj\u00f6rlerdeki her tip somun ve saplamalar\u0131n\u0131n temini ve imalat\u0131.E\u015fanj\u00f6r\u00fcn\u00fcz\u00fcn ilk g\u00fcnk\u00fc gibi \u00e7al\u0131\u015f\u0131r halde teslimi.<\/p>\n","protected":false},"author":1,"featured_media":2365,"parent":0,"menu_order":0,"comment_status":"closed","ping_status":"closed","template":"elementor_canvas","meta":{"footnotes":""},"class_list":["post-2298","page","type-page","status-publish","has-post-thumbnail","hentry"],"_links":{"self":[{"href":"https:\/\/prosesakademi.net\/index.php?rest_route=\/wp\/v2\/pages\/2298","targetHints":{"allow":["GET"]}}],"collection":[{"href":"https:\/\/prosesakademi.net\/index.php?rest_route=\/wp\/v2\/pages"}],"about":[{"href":"https:\/\/prosesakademi.net\/index.php?rest_route=\/wp\/v2\/types\/page"}],"author":[{"embeddable":true,"href":"https:\/\/prosesakademi.net\/index.php?rest_route=\/wp\/v2\/users\/1"}],"replies":[{"embeddable":true,"href":"https:\/\/prosesakademi.net\/index.php?rest_route=%2Fwp%2Fv2%2Fcomments&post=2298"}],"version-history":[{"count":0,"href":"https:\/\/prosesakademi.net\/index.php?rest_route=\/wp\/v2\/pages\/2298\/revisions"}],"wp:featuredmedia":[{"embeddable":true,"href":"https:\/\/prosesakademi.net\/index.php?rest_route=\/wp\/v2\/media\/2365"}],"wp:attachment":[{"href":"https:\/\/prosesakademi.net\/index.php?rest_route=%2Fwp%2Fv2%2Fmedia&parent=2298"}],"curies":[{"name":"wp","href":"https:\/\/api.w.org\/{rel}","templated":true}]}}